s digit of i?
1
Let a be 8/(-3)*(-18)/8. Suppose 4*m - a = 2*m. Suppose 0 = -4*o - 20, -2*t - m = o. What is the units digit of t?
1
Suppose 29 = 5*k - 1. Let p(o) = -o**2 + 8*o - 12. Let n be p(k). What is the tens digit of (n + -4 + 62)/2?
2
What is the tens digit of ((-30)/(-8))/((-27)/(-144))?
2
Let y = 979 - 158. What is the hundreds digit of y?
8
Let n(a) = 2*a**3 - 2*a**2 - 3*a + 4. Let i be n(3). Let t = 22 + -6. Suppose 0 = t*f - 15*f - i. What is the tens digit of f?
3
Suppose -4*x = 8*g - 4*g - 828, -3*x = -3. Let a = 365 - g. What is the tens digit of a?
5
Let w be 1 - 5/15*-3. Suppose -w*h + 320 = 8*h. What is the units digit of h?
2
Let y = -29 - -36. Let v = 0 + 4. What is the units digit of y*36/56*v?
8
Suppose 2*m + m + 168 = 4*w, 4*m + 205 = -w. Let y = 153 + m. What is the units digit of y?
1
Let t(g) = -g**3 + 8*g**2 + g - 14. Let b be t(8). Let v(r) = r**3 + 10*r**2 + 10*r + 6. What is the units digit of v(b)?
0
Let g(d) = 2*d - 28. Let k be g(13). Let o(q) = -q**3 + 3*q**2 - 2. What is the units digit of o(k)?
8
Suppose 2*q - 4*m = 988, 6*q + 1991 = 10*q - 3*m. What is the hundreds digit of q?
5
Suppose 5*z - 2 = d, 2*d + 4*z - z = 9. Let r(i) = 3*i**2 - 3*i - 1. Let g be r(d). What is the tens digit of (-1*-4*g)/2?
3
Let j = 64 + -44. Suppose -22 = -3*w + j. What is the units digit of w?
4
Suppose 10*b - 33 = 11*b. What is the tens digit of (-220)/(-6) - (-4 + b/(-9))?
3
Suppose -65*a = -48*a - 48586. What is the tens digit of a?
5
Suppose -48*b = -53*b + 95. Suppose b*i - 828 = 13*i. What is the units digit of i?
8
Suppose 0 = -7*c + 3*c + 4*i + 36, -i = 5. Suppose 60*a - 10 = 59*a. What is the tens digit of (-94)/((-5)/(a/c))?
4
Suppose -g + 287 = 2*y, -4*g - 275 = -3*y - 1379. What is the tens digit of g?
7
What is the units digit of ((-1256)/(-10))/((-2)/(-60))?
8
Let d = -1082 - -1887. Suppose -d - 438 = -11*m. What is the hundreds digit of m?
1
Let q(o) = o + 1 + 4*o + 3 + 1. Let l(n) = n**3 - 8*n**2 + 8*n - 2. Let j be l(7). What is the tens digit of q(j)?
3
Suppose 0 = -5*f + 22 + 13. Let s(q) = q**3 - 5*q**2 - 10*q + 10. What is the tens digit of s(f)?
3
Suppose -5*o - 4*g + 23 = -0*o, 0 = -5*g - 15. Suppose -710 = -o*f + 935. What is the hundreds digit of f?
2
Let d be 735/9 + 1/3. Suppose 0*y - 2*f = -y + d, 4*f = -3*y + 256. What is the units digit of y?
4
Suppose -74547 = -62*w + 62721. What is the tens digit of w?
1
Suppose 0 = f - 3*m + 3, 0 = 2*f + m - 2 - 6. Let a be ((-2)/(-4))/(1/4). Suppose 3*k = -a*i + f, 3*i + 9 = 4*k - 12. What is the units digit of k?
3
Let h = 58 - 37. Let y = h - 16. Suppose 5*t - 205 = -y*m, -38 = -m + 3*t - t. What is the units digit of m?
0
Suppose 2807 = 5*x - 4*j - 3059, -1175 = -x - j. What is the thousands digit of x?
1
Let g(o) = o**3 - 6*o**2 + o + 8. Let m be g(7). Suppose m + 41 = 5*i. What is the tens digit of i?
2
Let r = -56 + 79. Let v(n) = -n**2 + 7*n + 2. Let z be v(7). Suppose -3*i + 38 = t, -22 = -5*i + z*t + r. What is the tens digit of i?
1
Let m = 52 - -2. Suppose 16 + m = 5*s. What is the tens digit of s?
1
Suppose -4*s + 10*s = 2406. What is the units digit of s?
1
Let y = 76 + -86. What is the units digit of ((-615)/y + -2)/((-1)/(-2))?
9
Let w(z) = 49*z**2 + 5*z + 5. What is the hundreds digit of w(6)?
7
Let n be (-1 + -8)*(-408)/18. Suppose 9*o - 75 = n. What is the units digit of o?
1
Suppose -i - 666 = -3*i - s, 3*s - 12 = 0. What is the tens digit of i?
3
Let p = 107 - 79. What is the units digit of p?
8
Suppose -4*h = -f + 164 - 11, 0 = -4*f + 5*h + 579. Let i = 235 - f. What is the units digit of i?
4
Suppose -7*s + 4*s + 4952 = 5*i, 4*s - 4*i - 6560 = 0. What is the tens digit of s?
4
What is the tens digit of (1 - 0)/((-31)/155) - -308?
0
Let j = 1 - -2. Suppose 4*w - j = 9. Suppose -3*z = 2 + 10, -w*i + 11 = -2*z. What is the units digit of i?
1
Let r(x) = -x**3 + 8*x**2 + 9*x + 3. Let m be r(9). Suppose -4*q + 488 = 4*l, m*q = 4*l + 258 + 73. What is the hundreds digit of q?
1
Let o(s) = -13*s + 2. Let w(n) = 14*n - 1. Suppose -4*f + 40 = -4*p, 2*f = 4*p + 24 + 6. Let v(j) = p*w(j) - 6*o(j). What is the tens digit of v(3)?
1
Let k(f) = 308*f**2 - 20*f - 103. What is the hundreds digit of k(-4)?
9
Let k = -7 - 6. Let s = 17 + k. Suppose s*l - 10 = 3*l. What is the units digit of l?
0
Suppose -l = 3*w - 12, l + 9 = 5*w - l. Suppose w*x - 7*x + 36 = 0. Let v = x + 29. What is the tens digit of v?
3
Let r be 1 - 34*7/(28/(-8)). Let a = r + -64. What is the units digit of a?
5
Let x = -284 + 2729. What is the hundreds digit of x?
4
Let i(j) = -j**3 - 5*j**2 + 35*j - 19. What is the units digit of i(-12)?
9
Suppose 3*j - 2*w = 950, 0*j - 1268 = -4*j + 3*w. What is the hundreds digit of j?
3
Let h(b) = 2*b + 18. Let x be h(-8). Suppose x*t = 3*t - j + 2, -5*t + j - 2 = 0. Let l(i) = -i + 24. What is the tens digit of l(t)?
2
Let a = 37 + -27. Suppose a*f = 12*f - 14. What is the units digit of f?
7
What is the tens digit of 188 - 3/15*0?
8
Suppose 0 = 3*w - 1876 - 620. What is the units digit of w?
2
Let q(d) = -44*d + 6. What is the hundreds digit of q(-9)?
4
Let r(s) = 2*s**3 - 9*s**2 + 5*s - 14. Let b be r(6). Let d = b + -82. What is the tens digit of d?
4
Suppose -3*u - 2*j - 303 = 0, -3*u + j = -0*u + 312. Let r = -67 - u. Let k = -18 + r. What is the units digit of k?
8
Let o = 9 + -5. Let l = o + 36. Suppose -2 + 6 = m, -l = -5*a - 5*m. What is the units digit of a?
4
Let a be (-3)/(((-60)/(-76))/(-5)). Suppose a = 4*y + 3. Suppose -2*v + 20 = 5*g, -y = g + g. What is the units digit of v?
5
Let k(s) = 5*s**2 + s. Suppose o - 4*g + 13 = 0, 4 = -4*o + g - 3. Let f be k(o). Suppose -8 = -v - p, 2*p = 5*v - f*v - 17. What is the units digit of v?
1
Let c(h) = 28*h**2 + 21*h + 68. What is the units digit of c(-6)?
0
Suppose -6*z - z - 140 = 0. Let g = 41 - z. What is the tens digit of g?
6
Let g(j) = j**3 + 5*j**2 + j + 7. Let l be g(-5). Let p be l/4 + 7/2. Suppose p*z - 144 = z. What is the tens digit of z?
4
Let v = 732 - 617. Suppose 5*h = 145 + 165. Suppose 0 = 3*n - v - h. What is the tens digit of n?
5
Let x = 17 + -37. Let d = x + 31. Suppose -2*t - k = -65 - d, -156 = -4*t - k. What is the units digit of t?
0
Suppose -b + 22 - 6 = 0. Let v be (19/4)/(2/b). Suppose 0*k = -2*k + v. What is the tens digit of k?
1
Let f = 90 - -76. Let m = f + -113. What is the units digit of m?
3
Let g(u) = 2*u. Let r be g(-2). Let w be -1 - 1/(-1) - r. Let a(t) = 2*t + 8. What is the units digit of a(w)?
6
Let n(m) = 3*m + 1. Let b be n(1). Let d(q) = b + 38*q**2 - 4 + 0. What is the units digit of d(-1)?
8
Let j = 256 - 123. Suppose -j = -12*q + 5*q. What is the tens digit of q?
1
Let l(i) = -i**3 + 29*i**2 - 52*i + 42. What is the units digit of l(22)?
6
Suppose -4*z + 3*y + 13291 = 0, 29*z + 4*y = 30*z - 3326. What is the hundreds digit of z?
3
Suppose 15*i - 9971 = -3776. What is the tens digit of i?
1
Suppose -34 = -4*a + 5*a. Let y = a + 133. What is the tens digit of y?
9
Let c(t) = -t**3 - 6*t**2 + 10*t. Let d be c(-7). What is the units digit of 14/d - 155/(-3)?
1
Let g(i) = -i**2 - 15*i - 14. Let s be g(-11). Suppose -4*a + s + 14 = 0. What is the tens digit of a?
1
Let f = 415 - -113. Suppose 9*d = 3*d + f. What is the units digit of d?
8
Suppose 2*m - 4 = 0, -5*m - 394 = -4*o - 0*m. What is the tens digit of (-12)/(-24) - o/(-2)?
5
Let w be 37/(-9) - 9/(-81). What is the tens digit of (3 - -1)*23 + w?
8
Let m = -20 - -25. Suppose 101 = 3*j + 4*s - 35, -2*j = m*s - 86. What is the tens digit of j?
4
Let l = 28 + -19. Let q(y) = -6 + 21*y + 5*y + l*y - 1. What is the tens digit of q(2)?
6
Suppose -5*k + 320 = 5*v, 30*k - 188 = 27*k + v. Suppose x = -2, -3*a - 2*a = -5*x - 135. Let g = k - a. What is the tens digit of g?
3
What is the hundreds digit of -6 + (855 - (7 - 2))?
8
Let y be (-7)/((-7)/(-2)) + 8. Let m be (46/y)/((-2)/6). What is the tens digit of 30*1*(m - -24)?
3
Let s(r) = -r**2 + 15*r - 19. Let o be s(13). Suppose d + o = 93. What is the tens digit of d?
8
Let d(c) = 78*c + 6. What is the tens digit of d(5)?
9
Suppose 0 = 5*l + o - 45, -2*l - 3*o + 27 = l. Suppose -l*g + 10*g = 29. What is the units digit of g?
9
Let i(z) = z**2 - 2*z - 3. Let t be i(4). Suppose 2*c + 3*v = -t - 22, 0 = 2*c - v + 7. Let y = 9 + c. What is the un